3?
33
What is the greatest common factor of 15103 and 22?
11
What is the highest common divisor of 405 and 15?
15
What is the greatest common divisor of 182 and 28?
14
Calculate the greatest common factor of 65 and 117.
13
Calculate the highest common factor of 140 and 350.
70
What is the highest common factor of 38 and 29089?
19
What is the greatest common factor of 1677 and 65?
13
What is the greatest common divisor of 459 and 68?
17
What is the greatest common divisor of 9534 and 42?
42
What is the greatest common factor of 2240 and 105?
35
Calculate the highest common divisor of 884 and 85.
17
Calculate the highest common divisor of 8 and 3424.
8
What is the greatest common factor of 46 and 1978?
46
Calculate the highest common divisor of 352 and 44.
44
What is the highest common divisor of 572 and 78?
26
Calculate the highest common divisor of 150 and 12800.
50
Calculate the greatest common factor of 525 and 1200.
75
What is the greatest common divisor of 1118 and 338?
26
What is the greatest common factor of 28 and 252?
28
What is the greatest common factor of 231 and 825?
33
What is the greatest common divisor of 71875 and 23?
23
What is the greatest common divisor of 25 and 8725?
25
What is the highest common divisor of 912 and 336?
48
Calculate the highest common divisor of 10 and 95.
5
What is the highest common divisor of 105 and 168?
21
What is the highest common factor of 644 and 896?
28
What is the greatest common factor of 18 and 6?
6
What is the greatest common divisor of 1 and 431?
1
Calculate the highest common divisor of 4918 and 2.
2
What is the greatest common factor of 24 and 24?
24
What is the highest common factor of 1900 and 140?
20
What is the highest common factor of 648 and 24?
24
Calculate the highest common factor of 426 and 30.
6
Calculate the greatest common factor of 1470 and 30.
30
What is the greatest common divisor of 1602 and 252?
18
What is the highest common divisor of 980 and 610?
10
What is the greatest common factor of 2679 and 114?
57
Calculate the highest common factor of 6 and 105.
3
Calculate the highest common divisor of 22 and 99.
11
What is the greatest common divisor of 142 and 7739?
71
Calculate the highest common divisor of 7 and 35.
7
Calculate the highest common divisor of 81 and 1377.
81
Calculate the greatest common factor of 9 and 24.
3
What is the greatest common factor of 390 and 1590?
30
What is the greatest common factor of 732 and 24?
12
Calculate the highest common factor of 273 and 105.
21
Calculate the greatest common factor of 3472 and 560.
112
Calculate the greatest common divisor of 255 and 136.
17
What is the highest common divisor of 9 and 51?
3
Calculate the highest common factor of 2096 and 32.
16
Calculate the greatest common factor of 8 and 1912.
8
Calculate the greatest common factor of 55215 and 135.
135
What is the greatest common divisor of 143 and 13?
13
What is the highest common factor of 88 and 25520?
88
What is the greatest common factor of 2754 and 144?
18
What is the highest common divisor of 123 and 8159?
41
What is the highest common divisor of 56 and 56?
56
What is the highest common divisor of 96 and 72?
24
Calculate the highest common divisor of 16 and 1556.
4
What is the highest common divisor of 372 and 496?
124
What is the greatest common divisor of 5768 and 112?
56
Calculate the highest common factor of 35 and 245.
35
What is the highest common divisor of 745 and 20?
5
What is the greatest common divisor of 1 and 113?
1
What is the highest common factor of 160 and 15?
5
What is the highest common factor of 50 and 5975?
25
Calculate the highest common factor of 32 and 104.
8
Calculate the highest common divisor of 1640 and 40.
40
What is the greatest common factor of 531 and 25134?
177
What is the greatest common divisor of 6 and 618?
6
What is the greatest common factor of 7 and 742?
7
What is the greatest common divisor of 3 and 183?
3
Calculate the highest common divisor of 2623 and 183.
61
Calculate the highest common divisor of 273 and 35.
7
Calculate the highest common factor of 138 and 506.
46
What is the greatest common divisor of 32 and 20160?
32
What is the greatest common divisor of 74 and 3478?
74
What is the highest common factor of 118 and 21004?
118
What is the highest common factor of 920 and 80?
40
Calculate the greatest common factor of 2783 and 460.
23
Calculate the highest common factor of 144 and 108.
36
Calculate the highest common factor of 49 and 98.
49
What is the greatest common divisor of 2414 and 238?
34
What is the highest common divisor of 32 and 5008?
16
What is the greatest common factor of 450 and 12240?
90
What is the greatest common divisor of 589 and 31?
31
What is the greatest common divisor of 425 and 50?
25
What is the highest common divisor of 47929 and 287?
287
Calculate the greatest common divisor of 14 and 24234.
14
What is the highest common divisor of 826 and 14?
14
What is the greatest common factor of 1936 and 24?
8
What is the highest common factor of 38 and 24472?
38
Calculate the highest common divisor of 34177 and 22.
11
Calculate the highest common divisor of 725 and 25.
25
What is the highest common divisor of 76 and 24111?
19
Calculate the highest common factor of 3848 and 78.
26
What is the highest common divisor of 20 and 470?
10
What is the highest common factor of 3 and 1587?
3
What is the greatest common factor of 564 and 24?
12
Calculate the greatest common divisor of 300 and 2560.
20
Calculate the highest common divisor of 12 and 484.
4
Calculate the highest common factor of 5565 and 53.
53
What is the highest common divisor of 48 and 39?
3
What is the highest common factor of 1275 and 3400?
425
Calculate the highest common factor of 2048 and 64.
64
Calculate the highest common factor of 1510 and 10.
10
What is the greatest common factor of 286 and 44?
22
What is the greatest common divisor of 79 and 1?
1
Calculate the highest common factor of 7410 and 15.
15
Calculate the greatest common divisor of 962 and 37.
37
What is the highest common divisor of 54 and 189?
27
Calculate the greatest common divisor of 210 and 714.
42
What is the greatest common factor of 56 and 154?
14
Calculate the highest common factor of 69 and 759.
69
What is the highest common divisor of 493 and 87?
29
Calculate the highest common factor of 1206 and 18.
18
What is the highest common divisor of 23040 and 16?
16
Calculate the highest common factor of 504 and 1064.
56
Calculate the greatest common divisor of 714 and 42.
42
What is the greatest common factor of 111 and 87?
3
What is the greatest common factor of 7 and 1330?
7
What is the highest common divisor of 414 and 369?
9
What is the greatest common factor of 135 and 435?
15
Calculate the greatest common factor of 3725 and 149.
149
What is the greatest common divisor of 1680 and 14?
14
What is the highest common factor of 66 and 220?
22
What is the highest common factor of 15 and 480?
15
Calculate the highest common divisor of 234 and 988.
26
Calculate the highest common factor of 144 and 32.
16
What is the highest common factor of 254 and 28575?
127
Calculate the highest common divisor of 860 and 140.
20
What is the greatest common factor of 39 and 55926?
39
Calculate the greatest common factor of 11 and 2882.
11
Calculate the highest common factor of 55 and 20.
5
What is the greatest common divisor of 490 and 20?
10
What is the highest common factor of 14 and 175?
7
Calculate the greatest common factor of 53 and 3763.
53
What is the greatest common divisor of 53259 and 41?
41
What is the greatest common divisor of 20 and 2524?
4
What is the highest common factor of 31471 and 22?
11
Calculate the highest common factor of 77 and 14.
7
What is the highest common divisor of 264 and 1032?
24
Calculate the highest common divisor of 24 and 180.
12
What is the greatest common factor of 84 and 588?
84
Calculate the greatest common divisor of 12 and 300.
12
Calculate the greatest common factor of 4 and 120.
4
What is the highest common factor of 98 and 25627?
49
Calculate the highest common factor of 29 and 58.
29
What is the greatest common factor of 1705 and 55?
55
What is the highest common divisor of 86160 and 20?
20
Calculate the highest common divisor of 15 and